{"id":2069,"date":"2022-09-13T05:58:26","date_gmt":"2022-09-13T03:58:26","guid":{"rendered":"https:\/\/jezerokut.hr\/josipova-jezicna-galerija\/?post_type=project&#038;p=2069"},"modified":"2022-09-14T00:06:51","modified_gmt":"2022-09-13T22:06:51","slug":"sanja-miloloza-svevidljiva-iva","status":"publish","type":"project","link":"https:\/\/jezerokut.hr\/josipova-jezicna-galerija\/project\/sanja-miloloza-svevidljiva-iva\/","title":{"rendered":"Sanja Milolo\u017ea, SVEVIDLJIVA IVA"},"content":{"rendered":"<p>SVEVIDLJIVA IVA zbirka stihova za djecu, mlade i one koji se tako osje\u0107aju, podijeljena u tri ciklusa, s pogovorom, dodatkom i bilje\u0161kom o autorici.<\/p>\n<p>Autorica:<strong><span style=\"color: #0000ff\"> Sanja Milolo\u017ea<\/span><\/strong><\/p>\n<p>Glavna urednica: Sanja Milolo\u017ea<\/p>\n<p>Recenzentice: <strong><span style=\"color: #0000ff\">Divna \u0160u\u0161i\u0107, prof., izvrsni savjetnik i Ivka Ba\u0161i\u0107, prof., savjetnik\u00a0<\/span><\/strong><\/p>\n<p>Skladatelj: <strong><span style=\"color: #0000ff\">Marko Ja\u0161ek<\/span><\/strong><\/p>\n<p>Aran\u017eeri: <strong><span style=\"color: #0000ff\">Marko Ja\u0161ek<\/span><\/strong> i <strong><span style=\"color: #0000ff\">Zoran Ja\u0161ek<\/span><\/strong><\/p>\n<p>Izvodi: zbor <strong><span style=\"color: #0000ff\">Ka\u0161telanci<\/span><\/strong>, solisti: <strong><span style=\"color: #000080\">Lana Pere\u017ea, Lucija Duvnjak. Tena Pataky, Irma Stermole, Jan Bun\u010di\u0107, Karla Babi\u0107, Vita Jozi\u0107, Vita Stoji\u0107, Dorentina Perzivaj, Ratko Kara\u010di\u0107, Luna Kozar, Bruna Novak<\/span><\/strong><\/p>\n<p>Audiozapis dramskog ulomka Crvenkapice (razgovor s vukom):<strong><span style=\"color: #0000ff\"> Iva Milolo\u017ea<\/span><\/strong><\/p>\n<p>Lektura i korektura: <strong><span style=\"color: #0000ff\">Sanja Bosak<\/span><\/strong>, prof., savjetnik<\/p>\n<p>ISBN \u2013<span style=\"color: #0000ff\">978-953-49804-6-0<\/span><\/p>\n<p>Pristup e-knjizi: <a href=\"https:\/\/read.bookcreator.com\/PNdUSoTbr6OmlDKMvlebMprhZKG2\/TrAQ9qDNTOeZqsBtLaHm2g\"><strong><span style=\"color: #0000ff\">ovdje.<\/span><\/strong><\/a><\/p>\n<p style=\"text-align: right\"><em><span style=\"color: #000080\">Josipova jezi\u010dna galerija, Zagreb, rujna 2022.<\/span><\/em><\/p>\n","protected":false},"excerpt":{"rendered":"<p>SVEVIDLJIVA IVA zbirka stihova za djecu, mlade i one koji se tako osje\u0107aju, podijeljena u tri ciklusa, s pogovorom, dodatkom i bilje\u0161kom o autorici. Autorica: Sanja Milolo\u017ea Glavna urednica: Sanja Milolo\u017ea Recenzentice: Divna \u0160u\u0161i\u0107, prof., izvrsni savjetnik i Ivka Ba\u0161i\u0107, prof., savjetnik\u00a0 Skladatelj: Marko Ja\u0161ek Aran\u017eeri: Marko Ja\u0161ek i Zoran Ja\u0161ek Izvodi: zbor Ka\u0161telanci, solisti: [&hellip;]<\/p>\n","protected":false},"author":5,"featured_media":2070,"comment_status":"closed","ping_status":"closed","template":"","meta":{"_et_pb_use_builder":"","_et_pb_old_content":"","_et_gb_content_width":"","footnotes":""},"project_category":[350],"project_tag":[69,439],"class_list":["post-2069","project","type-project","status-publish","has-post-thumbnail","hentry","project_category-e-knjige","project_tag-sanja-miloloza","project_tag-svevidljiva-iva"],"_links":{"self":[{"href":"https:\/\/jezerokut.hr\/josipova-jezicna-galerija\/wp-json\/wp\/v2\/project\/2069","targetHints":{"allow":["GET"]}}],"collection":[{"href":"https:\/\/jezerokut.hr\/josipova-jezicna-galerija\/wp-json\/wp\/v2\/project"}],"about":[{"href":"https:\/\/jezerokut.hr\/josipova-jezicna-galerija\/wp-json\/wp\/v2\/types\/project"}],"author":[{"embeddable":true,"href":"https:\/\/jezerokut.hr\/josipova-jezicna-galerija\/wp-json\/wp\/v2\/users\/5"}],"replies":[{"embeddable":true,"href":"https:\/\/jezerokut.hr\/josipova-jezicna-galerija\/wp-json\/wp\/v2\/comments?post=2069"}],"version-history":[{"count":1,"href":"https:\/\/jezerokut.hr\/josipova-jezicna-galerija\/wp-json\/wp\/v2\/project\/2069\/revisions"}],"predecessor-version":[{"id":2071,"href":"https:\/\/jezerokut.hr\/josipova-jezicna-galerija\/wp-json\/wp\/v2\/project\/2069\/revisions\/2071"}],"wp:featuredmedia":[{"embeddable":true,"href":"https:\/\/jezerokut.hr\/josipova-jezicna-galerija\/wp-json\/wp\/v2\/media\/2070"}],"wp:attachment":[{"href":"https:\/\/jezerokut.hr\/josipova-jezicna-galerija\/wp-json\/wp\/v2\/media?parent=2069"}],"wp:term":[{"taxonomy":"project_category","embeddable":true,"href":"https:\/\/jezerokut.hr\/josipova-jezicna-galerija\/wp-json\/wp\/v2\/project_category?post=2069"},{"taxonomy":"project_tag","embeddable":true,"href":"https:\/\/jezerokut.hr\/josipova-jezicna-galerija\/wp-json\/wp\/v2\/project_tag?post=2069"}],"curies":[{"name":"wp","href":"https:\/\/api.w.org\/{rel}","templated":true}]}}

Sanja Miloloža, SVEVIDLJIVA IVA

<p>SVEVIDLJIVA IVA zbirka stihova za djecu, mlade i one koji se tako osjećaju, podijeljena u tri ciklusa, s pogovorom, dodatkom i bilješkom o autorici.</p>
<p>Autorica:<strong><span style="color: #0000ff"> Sanja Miloloža</span></strong></p>
<p>Glavna urednica: Sanja Miloloža</p>
<p>Recenzentice: <strong><span style="color: #0000ff">Divna Šušić, prof., izvrsni savjetnik i Ivka Bašić, prof., savjetnik </span></strong></p>
<p>Skladatelj: <strong><span style="color: #0000ff">Marko Jašek</span></strong></p>
<p>Aranžeri: <strong><span style="color: #0000ff">Marko Jašek</span></strong> i <strong><span style="color: #0000ff">Zoran Jašek</span></strong></p>
<p>Izvodi: zbor <strong><span style="color: #0000ff">Kaštelanci</span></strong>, solisti: <strong><span style="color: #000080">Lana Pereža, Lucija Duvnjak. Tena Pataky, Irma Stermole, Jan Bunčić, Karla Babić, Vita Jozić, Vita Stojić, Dorentina Perzivaj, Ratko Karačić, Luna Kozar, Bruna Novak</span></strong></p>
<p>Audiozapis dramskog ulomka Crvenkapice (razgovor s vukom):<strong><span style="color: #0000ff"> Iva Miloloža</span></strong></p>
<p>Lektura i korektura: <strong><span style="color: #0000ff">Sanja Bosak</span></strong>, prof., savjetnik</p>
<p>ISBN –<span style="color: #0000ff">978-953-49804-6-0</span></p>
<p>Pristup e-knjizi: <a href="https://read.bookcreator.com/PNdUSoTbr6OmlDKMvlebMprhZKG2/TrAQ9qDNTOeZqsBtLaHm2g"><strong><span style="color: #0000ff">ovdje.</span></strong></a></p>
<p style="text-align: right"><em><span style="color: #000080">Josipova jezična galerija, Zagreb, rujna 2022.</span></em></p>

<p>SVEVIDLJIVA IVA zbirka stihova za djecu, mlade i one koji se tako osjećaju, podijeljena u tri ciklusa, s pogovorom, dodatkom i bilješkom o autorici. Autorica: Sanja Miloloža Glavna urednica: Sanja Miloloža Recenzentice: Divna Šušić, prof., izvrsni savjetnik i Ivka Bašić, prof., savjetnik  Skladatelj: Marko Jašek Aranžeri: Marko Jašek i Zoran Jašek Izvodi: zbor Kaštelanci, solisti: [&hellip;]</p>
